-2
Convert 4 (base 9) to base 16.
4
Convert 60 (base 15) to base 10.
90
Convert 1 (base 9) to base 12.
1
Convert 11 (base 10) to base 3.
102
Convert -36 (base 12) to base 16.
-2a
Convert 2 (base 11) to base 9.
2
-210 (base 3) to base 14
-17
What is -55 (base 7) in base 8?
-50
12 (base 3) to base 12
5
Convert -7 (base 8) to base 15.
-7
What is -3 (base 15) in base 3?
-10
Convert -5 (base 13) to base 14.
-5
Convert -25 (base 13) to base 7.
-43
11 (base 2) to base 12
3
-111 (base 2) to base 16
-7
3 (base 13) to base 10
3
What is -4 (base 6) in base 5?
-4
-1110000 (base 2) to base 15
-77
What is -63 (base 9) in base 3?
-2010
-212 (base 12) to base 14
-178
What is -10 (base 4) in base 12?
-4
What is -12 (base 6) in base 4?
-20
-30 (base 5) to base 13
-12
What is -53 (base 15) in base 3?
-2220
Convert 105 (base 6) to base 12.
35
-1001100 (base 2) to base 5
-301
What is 3 (base 16) in base 14?
3
-11 (base 2) to base 10
-3
Convert 59 (base 16) to base 15.
5e
Convert -25 (base 8) to base 13.
-18
11 (base 2) to base 4
3
-22 (base 11) to base 14
-1a
What is 12e (base 16) in base 2?
100101110
-15 (base 6) to base 11
-10
2 (base 16) to base 4
2
Convert 6 (base 9) to base 14.
6
14 (base 11) to base 14
11
What is 10 (base 14) in base 4?
32
Convert 4 (base 6) to base 10.
4
-2232 (base 4) to base 3
-20110
10 (base 11) to base 9
12
2 (base 14) to base 16
2
Convert 412 (base 7) to base 15.
da
What is -2 (base 11) in base 15?
-2
What is 2 (base 4) in base 12?
2
What is 51 (base 14) in base 13?
56
Convert 366 (base 7) to base 12.
143
Convert 61 (base 15) to base 3.
10101
Convert 1 (base 11) to base 9.
1
What is 2 (base 12) in base 16?
2
What is 220 (base 3) in base 4?
120
Convert -2 (base 16) to base 3.
-2
2 (base 7) to base 16
2
Convert 5 (base 12) to base 3.
12
What is -22 (base 3) in base 10?
-8
Convert 120 (base 8) to base 14.
5a
323 (base 5) to base 3
10021
6 (base 9) to base 3
20
Convert 8 (base 11) to base 4.
20
Convert 0 (base 12) to base 11.
0
1 (base 14) to base 3
1
What is -4 (base 5) in base 12?
-4
Convert 22 (base 4) to base 2.
1010
Convert -101 (base 2) to base 12.
-5
5c (base 14) to base 3
10001
1 (base 5) to base 16
1
20 (base 16) to base 5
112
-112 (base 7) to base 9
-64
What is -53 (base 9) in base 5?
-143
11 (base 2) to base 14
3
Convert 0 (base 6) to base 3.
0
Convert 10000 (base 2) to base 3.
121
What is -450 (base 6) in base 5?
-1144
Convert 8 (base 13) to base 10.
8
What is 26 (base 9) in base 2?
11000
9 (base 15) to base 10
9
Convert -1 (base 11) to base 6.
-1
-230 (base 11) to base 8
-423
Convert -11 (base 2) to base 16.
-3
b (base 14) to base 3
102
120 (base 6) to base 14
36
What is -241 (base 8) in base 12?
-115
1 (base 6) to base 3
1
2 (base 9) to base 11
2
Convert 2 (base 5) to base 8.
2
What is 1 (base 6) in base 8?
1
2 (base 15) to base 3
2
0 (base 14) to base 11
0
Convert -a (base 15) to base 16.
-a
Convert -100 (base 3) to base 9.
-10
What is 8 (base 14) in base 8?
10
What is -113 (base 4) in base 14?
-19
Convert -100 (base 2) to base 10.
-4
What is -4d (base 15) in base 16?
-49
What is 51 (base 6) in base 2?
11111
3 (base 8) to base 3
10
4 (base 7) to base 2
100
-35 (base 8) to base 11
-27
1 (base 8) to base 9
1
What is 21 (base 4) in base 9?
10
1301 (base 4) to base 5
423
Convert 0 (base 10) to base 12.
0
What is 27 (base 13) in base 5?
113
What is 1b (base 13) in base 12?
20
What is -11101110 (base 2) in base 12?
-17a
Convert 32 (base 5) to base 11.
16
What is -38 (base 10) in base 14?
-2a
Convert -125 (base 8) to base 13.
-67
-231 (base 13) to base 15
-1a3
What is -5 (base 11) in base 6?
-5
22 (base 8) to base 16
12
0 (base 8) to base 11
0
Convert f (base 16) to base 10.
15
-d (base 16) to base 4
-31
Convert -64 (base 10) to base 12.
-54
What is 2 (base 16) in base 14?
2
What is 230 (base 5) in base 9?
72
8 (base 9) to base 3
22
What is 95 (base 10) in base 3?
10112
-13 (base 8) to base 13
-b
Convert 20 (base 8) to base 4.
100
Convert -5 (base 16) to base 5.
-10
-2c (base 14) to base 9
-44
Convert 101 (base 2) to base 9.
5
Convert -53 (base 8) to base 7.
-61
What is -1241 (base 5) in base 10?
-196
-42 (base 6) to base 8
-32
-7 (base 16) to base 5
-12
What is 20 (base 9) in base 6?
30
11 (base 11) to base 12
10
What is -118 (base 11) in base 12?
-b8
Convert -2 (base 10) to base 11.
-2
Convert 20 (base 5) to base 3.
101
Convert 3 (base 7) to base 6.
3
Convert 57 (base 16) to base 13.
69
What is 3 (base 6) in base 7?
3
What is 28 (base 11) in base 5?
110
What is 10122 (base 3) in base 8?
142
Convert 32 (base 5) to base 16.
11
-3 (base 16) to base 7
-3
Convert -6 (base 7) to base 13.
-6
62 (base 15) to base 16
5c
Convert 3 (base 16) to base 12.
3
What is 80 (base 13) in base 5?
404
Convert -6 (base 12) to base 2.
-110
What is -79 (base 16) in base 7?
-232
What is a (base 16) in base 3?
101
Convert -c (base 16) to base 11.
-11
10 (base 16) to base 9
17
What is 73 (base 10) in base 2?
1001001
-25 (base 14) to base 15
-23
-5a (base 16) to base 9
-110
What is -1 (base 4) in base 16?
-1
What is 1243 (base 5) in base 6?
530
Convert -12 (base 13) to base 6.
-23
What is 340 (base 5) in base 3?
10112
What is 1 (base 9) in base 5?
1
Convert 6 (base 10) to base 3.
20
Convert 1b (base 16) to base 9.
30
Convert 25 (base 13) to base 7.
43
Convert -36 (base 11) to base 13.
-30
What is 11101001 (base 2) in base 11?
1a2
Convert 10 (base 2) to base 9.
2
7 (base 8) to base 12
7
5 (base 9) to base 7
5
What is -12 (base 4) in base 13?
-6
What is 4 (base 6) in base 9?
4
What is 6 (base 7) in base 14?
6
Convert 6 (base 10) to base 7.
6
Convert -5 (base 9) to base 16.
-5
What is 3 (base 10) in base 2?
11
What is 7 (base 9) in base 14?
7
f5 (base 16) to base 10
245
Convert 2 (base 9) to base 10.
2
What is -3 (base 13) in base 8?
-3
What is -10 (base 3) in base 16?
-3
What is 15 (base 14) in base 8?
23
141 (base 14) to base 15
11d
What is -132 (base 4) in base 16?
-1e
-10 (base 2) to base 8
-2
-1 (base 2) to base 11
-1
What is 8e (base 16) in base 5?
1032
Convert -7 (base 10) to base 4.
-13
Convert 3 (base 13) to base 3.
10
-3 (base 13) to base 8
-3
6a (base 11) to base 10
76
Convert 67 (base 8) to base 10.
55
101100011 (base 2) to base 16
163
Convert 10 (base 7) to base 9.
7
What is -10010 (base 2) in base 6?
-30
What is 10 (base 4) in base 2?
100
Convert a (base 13) to base 15.
a
21012 (base 3) to base 7
365
-2 (base 16) to base 6
-2
What is 4a (base 16) in base 3?
2202
-4 (base 7) to base 2
-100
Convert -2111 (base 3) to base 13.
-52
What is -10 (base 4) in base 9?
-4
-20 (base 15) to base 12
-26
6 (base 9) to base 4
12
-1 (base 3) to base 14
-1
Convert 0 (base 8) to base 16.
0
Convert 565 (base 7) to base 9.
354
What is -8 (base 13) in base 6?
-12
Convert -35 (base 10) to base 15.
-25
Convert 1001110 (base 2) to base 3.
2220
2 (base 11) to base 12
2
Convert 100010 (base 2) to base 16.
22
What is -2 (base 14) in base 10?
-2
2 (base 16) to base 15
2
255 (base 11) to base 5
2202
What is 55 (base 13) in base 7?
130
Convert -17 (base 10) to base 16.
-11
What is 10011 (base 3) in base 8?
125
3330 (base 4) to base 2
11111100
Convert 3 (base 6) to base 13.
3
What is -d9 (base 15) in base 10?
-204
What is -3 (base 7) in base 14?
-3
Convert 13 (base 15) to base 12.
16
Convert aa (base 11) to base 9.
143
Convert -3 (base 4) to base 9.
-3
What is -7 (base 13) in base 8?
-7
10 (base 2) to base 10
2
Convert -1 (base 8) to base 10.
-1
-4 (base 8) to base 5
-4
-86 (base 12) to base 4
-1212
What is -100 (base 2) in base 7?
-4
-26 (base 11) to base 3
-1001
-3 (base 10) to base 9
-3
What is -110001010 (base 2) in base 15?
-1b4
Convert -8 (base 14) to base 13.
-8
Convert 17 (base 14) to base 7.
30
Convert 0 (base 2) to base 4.
0
What is -25 (base 6) in base 15?
-12
What is 5 (base 9) in base 7?
5
What is -44 (base 11) in base 5?
-143
What is 101 (base 2) in base 9?
5
Convert 4 (base 15) to base 12.
4
Convert 2 (base 12) to base 8.
2
What is 11 (base 3) in base 14?
4
Convert 3 (base 12) to base 8.
3
Convert -19 (base 15) to base 16.
-18
1 (base 4) to base 13
1
15 (base 9) to base 10
14
What is -4 (base 5) in base 13?
-4
What is -515 (base 7) in base 5?
-2012
-37 (base 13) to base 8
-56
11 (base 3) to base 5
4
15 (base 8) to base 6
21
Convert -11 (base 8) to base 7.
-12